{"id":252,"date":"2020-09-02T18:14:57","date_gmt":"2020-09-02T16:14:57","guid":{"rendered":"http:\/\/www.mathsaucollege.ovh\/?page_id=252"},"modified":"2022-09-05T08:02:51","modified_gmt":"2022-09-05T06:02:51","slug":"les-activites-et-les-exercices","status":"publish","type":"page","link":"https:\/\/www.mathsaucollege.ovh\/index.php\/3eme\/calcul-litteral\/les-activites-et-les-exercices\/","title":{"rendered":"Les activit\u00e9s et les exercices"},"content":{"rendered":"\n<p>Pour bien assimiler une notion, il faut la mettre en pratique.<\/p>\n\n\n\n<hr class=\"wp-block-separator has-css-opacity\"\/>\n\n\n\n<h2 class=\"wp-block-heading\">Fiche 1 : Quelques rappels sur les calculs num\u00e9riques<\/h2>\n\n\n\n<div data-wp-interactive=\"core\/file\" class=\"wp-block-file\"><object data-wp-bind--hidden=\"!state.hasPdfPreview\" hidden class=\"wp-block-file__embed\" data=\"http:\/\/www.mathsaucollege.ovh\/wp-content\/uploads\/2022\/09\/Fiche1_Quelques_rappels_sur_les_calculs_numeriques.pdf\" type=\"application\/pdf\" style=\"width:100%;height:600px\" aria-label=\"Embed of Contenu embarqu\u00e9 Fiche1_Quelques_rappels_sur_les_calculs_numeriques..\"><\/object><a id=\"wp-block-file--media-d3206c17-3ba6-4b06-8113-34cc38513f6c\" href=\"http:\/\/www.mathsaucollege.ovh\/wp-content\/uploads\/2022\/09\/Fiche1_Quelques_rappels_sur_les_calculs_numeriques.pdf\">Fiche1_Quelques_rappels_sur_les_calculs_numeriques<\/a><a href=\"http:\/\/www.mathsaucollege.ovh\/wp-content\/uploads\/2022\/09\/Fiche1_Quelques_rappels_sur_les_calculs_numeriques.pdf\" class=\"wp-block-file__button\" download aria-describedby=\"wp-block-file--media-d3206c17-3ba6-4b06-8113-34cc38513f6c\">T\u00e9l\u00e9charger<\/a><\/div>\n\n\n\n<hr class=\"wp-block-separator has-text-color has-accent-color has-css-opacity has-accent-background-color has-background\"\/>\n\n\n\n<h2 class=\"wp-block-heading\">Fiche 2 : Vers les outils du calcul litt\u00e9ral<\/h2>\n\n\n\n<div data-wp-interactive=\"core\/file\" class=\"wp-block-file\"><object data-wp-bind--hidden=\"!state.hasPdfPreview\" hidden class=\"wp-block-file__embed\" data=\"http:\/\/www.mathsaucollege.ovh\/wp-content\/uploads\/2022\/09\/Fiche2_Vers_les_outils_du_calcul_litteral.pdf\" type=\"application\/pdf\" style=\"width:100%;height:600px\" aria-label=\"Embed of Contenu embarqu\u00e9 Fiche2_Vers_les_outils_du_calcul_litteral..\"><\/object><a id=\"wp-block-file--media-1d43b9cf-872b-43c6-8cc7-7e2823bdc4bf\" href=\"http:\/\/www.mathsaucollege.ovh\/wp-content\/uploads\/2022\/09\/Fiche2_Vers_les_outils_du_calcul_litteral.pdf\">Fiche2_Vers_les_outils_du_calcul_litteral<\/a><a href=\"http:\/\/www.mathsaucollege.ovh\/wp-content\/uploads\/2022\/09\/Fiche2_Vers_les_outils_du_calcul_litteral.pdf\" class=\"wp-block-file__button\" download aria-describedby=\"wp-block-file--media-1d43b9cf-872b-43c6-8cc7-7e2823bdc4bf\">T\u00e9l\u00e9charger<\/a><\/div>\n\n\n\n<hr class=\"wp-block-separator has-text-color has-accent-color has-css-opacity has-accent-background-color has-background\"\/>\n\n\n\n<h2 class=\"wp-block-heading\">Diaporama : Exprimer en fonction de<\/h2>\n\n\n\n<div data-wp-interactive=\"core\/file\" class=\"wp-block-file\"><object data-wp-bind--hidden=\"!state.hasPdfPreview\" hidden class=\"wp-block-file__embed\" data=\"http:\/\/www.mathsaucollege.ovh\/wp-content\/uploads\/2022\/09\/Calcul-litteral-diaporama-exprimer-en-fonction-de.pdf\" type=\"application\/pdf\" style=\"width:100%;height:600px\" aria-label=\"Embed of Contenu embarqu\u00e9 Calcul-litteral-diaporama-exprimer-en-fonction-de..\"><\/object><a id=\"wp-block-file--media-4b95e04f-25d4-45ca-a66e-7abb8361c3c6\" href=\"http:\/\/www.mathsaucollege.ovh\/wp-content\/uploads\/2022\/09\/Calcul-litteral-diaporama-exprimer-en-fonction-de.pdf\">Calcul-litteral-diaporama-exprimer-en-fonction-de<\/a><a href=\"http:\/\/www.mathsaucollege.ovh\/wp-content\/uploads\/2022\/09\/Calcul-litteral-diaporama-exprimer-en-fonction-de.pdf\" class=\"wp-block-file__button\" download aria-describedby=\"wp-block-file--media-4b95e04f-25d4-45ca-a66e-7abb8361c3c6\">T\u00e9l\u00e9charger<\/a><\/div>\n\n\n\n<hr class=\"wp-block-separator has-text-color has-accent-color has-css-opacity has-accent-background-color has-background\"\/>\n\n\n\n<h2 class=\"wp-block-heading\">Fiche 3 : Un nouvel outil<\/h2>\n\n\n\n<div data-wp-interactive=\"core\/file\" class=\"wp-block-file\"><object data-wp-bind--hidden=\"!state.hasPdfPreview\" hidden class=\"wp-block-file__embed\" data=\"http:\/\/www.mathsaucollege.ovh\/wp-content\/uploads\/2022\/09\/Fiche3_Un_nouvel_outil-1.pdf\" type=\"application\/pdf\" style=\"width:100%;height:600px\" aria-label=\"Embed of Contenu embarqu\u00e9 Fiche3_Un_nouvel_outil-1..\"><\/object><a id=\"wp-block-file--media-0f5ca104-43e3-49e8-b01e-1c25268a23df\" href=\"http:\/\/www.mathsaucollege.ovh\/wp-content\/uploads\/2022\/09\/Fiche3_Un_nouvel_outil-1.pdf\">Fiche3_Un_nouvel_outil-1<\/a><a href=\"http:\/\/www.mathsaucollege.ovh\/wp-content\/uploads\/2022\/09\/Fiche3_Un_nouvel_outil-1.pdf\" class=\"wp-block-file__button\" download aria-describedby=\"wp-block-file--media-0f5ca104-43e3-49e8-b01e-1c25268a23df\">T\u00e9l\u00e9charger<\/a><\/div>\n\n\n\n<hr class=\"wp-block-separator has-text-color has-accent-color has-css-opacity has-accent-background-color has-background\"\/>\n\n\n\n<h2 class=\"wp-block-heading\">Fiche 4 : Le retour des \u00e9quations<\/h2>\n\n\n\n<div data-wp-interactive=\"core\/file\" class=\"wp-block-file\"><object data-wp-bind--hidden=\"!state.hasPdfPreview\" hidden class=\"wp-block-file__embed\" data=\"http:\/\/www.mathsaucollege.ovh\/wp-content\/uploads\/2022\/09\/Fiche4_Le_retour_des_equations.pdf\" type=\"application\/pdf\" style=\"width:100%;height:600px\" aria-label=\"Embed of Contenu embarqu\u00e9 Fiche4_Le_retour_des_equations..\"><\/object><a id=\"wp-block-file--media-b29114e7-df84-486b-8c31-c2cfc1757ae6\" href=\"http:\/\/www.mathsaucollege.ovh\/wp-content\/uploads\/2022\/09\/Fiche4_Le_retour_des_equations.pdf\">Fiche4_Le_retour_des_equations<\/a><a href=\"http:\/\/www.mathsaucollege.ovh\/wp-content\/uploads\/2022\/09\/Fiche4_Le_retour_des_equations.pdf\" class=\"wp-block-file__button\" download aria-describedby=\"wp-block-file--media-b29114e7-df84-486b-8c31-c2cfc1757ae6\">T\u00e9l\u00e9charger<\/a><\/div>\n\n\n\n<hr class=\"wp-block-separator has-text-color has-accent-color has-css-opacity has-accent-background-color has-background\"\/>\n\n\n\n<h2 class=\"wp-block-heading\">Fiche 5 : R\u00e9solution technique<\/h2>\n\n\n\n<div data-wp-interactive=\"core\/file\" class=\"wp-block-file\"><object data-wp-bind--hidden=\"!state.hasPdfPreview\" hidden class=\"wp-block-file__embed\" data=\"http:\/\/www.mathsaucollege.ovh\/wp-content\/uploads\/2022\/09\/Fiche5_Resolutions_techniques.pdf\" type=\"application\/pdf\" style=\"width:100%;height:600px\" aria-label=\"Embed of Contenu embarqu\u00e9 Fiche5_Resolutions_techniques..\"><\/object><a id=\"wp-block-file--media-70dcf08a-71a8-4a5e-aa8f-596f8686ec5b\" href=\"http:\/\/www.mathsaucollege.ovh\/wp-content\/uploads\/2022\/09\/Fiche5_Resolutions_techniques.pdf\">Fiche5_Resolutions_techniques<\/a><a href=\"http:\/\/www.mathsaucollege.ovh\/wp-content\/uploads\/2022\/09\/Fiche5_Resolutions_techniques.pdf\" class=\"wp-block-file__button\" download aria-describedby=\"wp-block-file--media-70dcf08a-71a8-4a5e-aa8f-596f8686ec5b\">T\u00e9l\u00e9charger<\/a><\/div>\n\n\n\n<hr class=\"wp-block-separator has-text-color has-accent-color has-css-opacity has-accent-background-color has-background\"\/>\n\n\n\n<h2 class=\"wp-block-heading\">Fiche 6 : R\u00e9solutions de probl\u00e8mes<\/h2>\n\n\n\n<div data-wp-interactive=\"core\/file\" class=\"wp-block-file\"><object data-wp-bind--hidden=\"!state.hasPdfPreview\" hidden class=\"wp-block-file__embed\" data=\"http:\/\/www.mathsaucollege.ovh\/wp-content\/uploads\/2022\/09\/Fiche6_Resolution-de-problemes.pdf\" type=\"application\/pdf\" style=\"width:100%;height:600px\" aria-label=\"Embed of Contenu embarqu\u00e9 Fiche6_Resolution-de-problemes..\"><\/object><a id=\"wp-block-file--media-4e96ef13-6504-44bd-94ee-3780a703512e\" href=\"http:\/\/www.mathsaucollege.ovh\/wp-content\/uploads\/2022\/09\/Fiche6_Resolution-de-problemes.pdf\">Fiche6_Resolution-de-problemes<\/a><a href=\"http:\/\/www.mathsaucollege.ovh\/wp-content\/uploads\/2022\/09\/Fiche6_Resolution-de-problemes.pdf\" class=\"wp-block-file__button\" download aria-describedby=\"wp-block-file--media-4e96ef13-6504-44bd-94ee-3780a703512e\">T\u00e9l\u00e9charger<\/a><\/div>\n\n\n\n<hr class=\"wp-block-separator has-css-opacity\"\/>\n","protected":false},"excerpt":{"rendered":"<p>Pour bien assimiler une notion, il faut la mettre en pratique. Fiche 1 : Quelques rappels sur les calculs num\u00e9riques Fiche 2 : Vers les outils du calcul litt\u00e9ral Diaporama : Exprimer en fonction de Fiche 3 : Un nouvel outil Fiche 4 : Le retour des \u00e9quations Fiche 5 : R\u00e9solution technique Fiche 6 [&hellip;]<\/p>\n","protected":false},"author":1,"featured_media":0,"parent":41,"menu_order":0,"comment_status":"closed","ping_status":"closed","template":"","meta":{"footnotes":""},"class_list":["post-252","page","type-page","status-publish","hentry"],"_links":{"self":[{"href":"https:\/\/www.mathsaucollege.ovh\/index.php\/wp-json\/wp\/v2\/pages\/252","targetHints":{"allow":["GET"]}}],"collection":[{"href":"https:\/\/www.mathsaucollege.ovh\/index.php\/wp-json\/wp\/v2\/pages"}],"about":[{"href":"https:\/\/www.mathsaucollege.ovh\/index.php\/wp-json\/wp\/v2\/types\/page"}],"author":[{"embeddable":true,"href":"https:\/\/www.mathsaucollege.ovh\/index.php\/wp-json\/wp\/v2\/users\/1"}],"replies":[{"embeddable":true,"href":"https:\/\/www.mathsaucollege.ovh\/index.php\/wp-json\/wp\/v2\/comments?post=252"}],"version-history":[{"count":3,"href":"https:\/\/www.mathsaucollege.ovh\/index.php\/wp-json\/wp\/v2\/pages\/252\/revisions"}],"predecessor-version":[{"id":843,"href":"https:\/\/www.mathsaucollege.ovh\/index.php\/wp-json\/wp\/v2\/pages\/252\/revisions\/843"}],"up":[{"embeddable":true,"href":"https:\/\/www.mathsaucollege.ovh\/index.php\/wp-json\/wp\/v2\/pages\/41"}],"wp:attachment":[{"href":"https:\/\/www.mathsaucollege.ovh\/index.php\/wp-json\/wp\/v2\/media?parent=252"}],"curies":[{"name":"wp","href":"https:\/\/api.w.org\/{rel}","templated":true}]}}