{"id":309,"date":"2021-02-12T15:53:37","date_gmt":"2021-02-12T14:53:37","guid":{"rendered":"http:\/\/www.mathsaucollege.ovh\/?page_id=309"},"modified":"2021-04-06T08:29:38","modified_gmt":"2021-04-06T06:29:38","slug":"les-activites-et-les-exercices","status":"publish","type":"page","link":"https:\/\/www.mathsaucollege.ovh\/index.php\/4eme\/4eme-calcul-litteral\/les-activites-et-les-exercices\/","title":{"rendered":"Les activit\u00e9s et les exercices"},"content":{"rendered":"\n<p>Pour bien assimiler une notion, il faut la mettre en pratique.<\/p>\n\n\n\n<hr class=\"wp-block-separator has-text-color has-background has-accent-background-color has-accent-color is-style-wide\"\/>\n\n\n\n<h2 class=\"wp-block-heading\">Fiche 1 : Jeu de cartes<\/h2>\n\n\n\n<figure class=\"wp-block-image size-large is-resized\"><img loading=\"lazy\" decoding=\"async\" src=\"http:\/\/www.mathsaucollege.ovh\/wp-content\/uploads\/2021\/02\/Fiche1-1-724x1024.jpg\" alt=\"\" class=\"wp-image-556\" width=\"323\" height=\"456\" srcset=\"https:\/\/www.mathsaucollege.ovh\/wp-content\/uploads\/2021\/02\/Fiche1-1-724x1024.jpg 724w, https:\/\/www.mathsaucollege.ovh\/wp-content\/uploads\/2021\/02\/Fiche1-1-212x300.jpg 212w, https:\/\/www.mathsaucollege.ovh\/wp-content\/uploads\/2021\/02\/Fiche1-1-768x1087.jpg 768w, https:\/\/www.mathsaucollege.ovh\/wp-content\/uploads\/2021\/02\/Fiche1-1-1085x1536.jpg 1085w, https:\/\/www.mathsaucollege.ovh\/wp-content\/uploads\/2021\/02\/Fiche1-1-1447x2048.jpg 1447w, https:\/\/www.mathsaucollege.ovh\/wp-content\/uploads\/2021\/02\/Fiche1-1-1200x1698.jpg 1200w, https:\/\/www.mathsaucollege.ovh\/wp-content\/uploads\/2021\/02\/Fiche1-1-1980x2802.jpg 1980w, https:\/\/www.mathsaucollege.ovh\/wp-content\/uploads\/2021\/02\/Fiche1-1-scaled.jpg 1809w\" sizes=\"auto, (max-width: 323px) 100vw, 323px\" \/><\/figure>\n\n\n\n<div class=\"wp-block-file\"><a href=\"http:\/\/www.mathsaucollege.ovh\/wp-content\/uploads\/2021\/02\/Fiche1_Jeu-de-cartes.pdf\">Fiche1_Jeu-de-cartes<\/a><a href=\"http:\/\/www.mathsaucollege.ovh\/wp-content\/uploads\/2021\/02\/Fiche1_Jeu-de-cartes.pdf\" class=\"wp-block-file__button\" download>T\u00e9l\u00e9charger<\/a><\/div>\n\n\n\n<hr class=\"wp-block-separator has-text-color has-background has-accent-background-color has-accent-color is-style-wide\"\/>\n\n\n\n<h2 class=\"wp-block-heading\">Fiche 2 : Simplifier <\/h2>\n\n\n\n<figure class=\"wp-block-image size-large is-resized\"><img loading=\"lazy\" decoding=\"async\" src=\"http:\/\/www.mathsaucollege.ovh\/wp-content\/uploads\/2021\/02\/Fiche2-1-724x1024.jpg\" alt=\"\" class=\"wp-image-570\" width=\"388\" height=\"548\" srcset=\"https:\/\/www.mathsaucollege.ovh\/wp-content\/uploads\/2021\/02\/Fiche2-1-724x1024.jpg 724w, https:\/\/www.mathsaucollege.ovh\/wp-content\/uploads\/2021\/02\/Fiche2-1-212x300.jpg 212w, https:\/\/www.mathsaucollege.ovh\/wp-content\/uploads\/2021\/02\/Fiche2-1-768x1087.jpg 768w, https:\/\/www.mathsaucollege.ovh\/wp-content\/uploads\/2021\/02\/Fiche2-1-1085x1536.jpg 1085w, https:\/\/www.mathsaucollege.ovh\/wp-content\/uploads\/2021\/02\/Fiche2-1-1447x2048.jpg 1447w, https:\/\/www.mathsaucollege.ovh\/wp-content\/uploads\/2021\/02\/Fiche2-1-1200x1698.jpg 1200w, https:\/\/www.mathsaucollege.ovh\/wp-content\/uploads\/2021\/02\/Fiche2-1-1980x2802.jpg 1980w, https:\/\/www.mathsaucollege.ovh\/wp-content\/uploads\/2021\/02\/Fiche2-1-scaled.jpg 1809w\" sizes=\"auto, (max-width: 388px) 100vw, 388px\" \/><\/figure>\n\n\n\n<div class=\"wp-block-file\"><a href=\"http:\/\/www.mathsaucollege.ovh\/wp-content\/uploads\/2021\/02\/Fiche2_Simplification_ecriture-1.pdf\">Fiche2_Simplification_ecriture-1<\/a><a href=\"http:\/\/www.mathsaucollege.ovh\/wp-content\/uploads\/2021\/02\/Fiche2_Simplification_ecriture-1.pdf\" class=\"wp-block-file__button\" download>T\u00e9l\u00e9charger<\/a><\/div>\n\n\n\n<hr class=\"wp-block-separator has-text-color has-background has-accent-background-color has-accent-color is-style-wide\"\/>\n\n\n\n<h2 class=\"wp-block-heading\">Fiche 3 : Remplacer une lettre par une valeur<\/h2>\n\n\n\n<figure class=\"wp-block-image size-large is-resized\"><img loading=\"lazy\" decoding=\"async\" src=\"http:\/\/www.mathsaucollege.ovh\/wp-content\/uploads\/2021\/02\/Fiche-3-724x1024.jpg\" alt=\"\" class=\"wp-image-574\" width=\"380\" height=\"537\" srcset=\"https:\/\/www.mathsaucollege.ovh\/wp-content\/uploads\/2021\/02\/Fiche-3-724x1024.jpg 724w, https:\/\/www.mathsaucollege.ovh\/wp-content\/uploads\/2021\/02\/Fiche-3-212x300.jpg 212w, https:\/\/www.mathsaucollege.ovh\/wp-content\/uploads\/2021\/02\/Fiche-3-768x1087.jpg 768w, https:\/\/www.mathsaucollege.ovh\/wp-content\/uploads\/2021\/02\/Fiche-3-1085x1536.jpg 1085w, https:\/\/www.mathsaucollege.ovh\/wp-content\/uploads\/2021\/02\/Fiche-3-1447x2048.jpg 1447w, https:\/\/www.mathsaucollege.ovh\/wp-content\/uploads\/2021\/02\/Fiche-3-1200x1698.jpg 1200w, https:\/\/www.mathsaucollege.ovh\/wp-content\/uploads\/2021\/02\/Fiche-3-1980x2802.jpg 1980w, https:\/\/www.mathsaucollege.ovh\/wp-content\/uploads\/2021\/02\/Fiche-3-scaled.jpg 1809w\" sizes=\"auto, (max-width: 380px) 100vw, 380px\" \/><\/figure>\n\n\n\n<div class=\"wp-block-file\"><a href=\"http:\/\/www.mathsaucollege.ovh\/wp-content\/uploads\/2021\/02\/Fiche3_Remplacer-une-lettre-par-un-nombre.pdf\">Fiche3_Remplacer-une-lettre-par-un-nombre<\/a><a href=\"http:\/\/www.mathsaucollege.ovh\/wp-content\/uploads\/2021\/02\/Fiche3_Remplacer-une-lettre-par-un-nombre.pdf\" class=\"wp-block-file__button\" download>T\u00e9l\u00e9charger<\/a><\/div>\n\n\n\n<hr class=\"wp-block-separator has-text-color has-background has-accent-background-color has-accent-color is-style-wide\"\/>\n\n\n\n<h2 class=\"wp-block-heading\">Fiche 4 : R\u00e9duire une expression litt\u00e9rale Partie 1 : Je d\u00e9couvre<\/h2>\n\n\n\n<figure class=\"wp-block-image size-large is-resized\"><img loading=\"lazy\" decoding=\"async\" src=\"http:\/\/www.mathsaucollege.ovh\/wp-content\/uploads\/2021\/02\/Fiche-4-Partie-1-724x1024.jpg\" alt=\"\" class=\"wp-image-583\" width=\"344\" height=\"485\"\/><\/figure>\n\n\n\n<div class=\"wp-block-file\"><a href=\"http:\/\/www.mathsaucollege.ovh\/wp-content\/uploads\/2021\/02\/Fiche4_Partie1_Reduire.pdf\">Fiche4_Partie1_Reduire<\/a><a href=\"http:\/\/www.mathsaucollege.ovh\/wp-content\/uploads\/2021\/02\/Fiche4_Partie1_Reduire.pdf\" class=\"wp-block-file__button\" download>T\u00e9l\u00e9charger<\/a><\/div>\n\n\n\n<hr class=\"wp-block-separator has-text-color has-background has-accent-background-color has-accent-color is-style-wide\"\/>\n\n\n\n<h2 class=\"wp-block-heading\">Fiche 4 : R\u00e9duire une expression litt\u00e9rale Partie 2 : Exercices<\/h2>\n\n\n\n<figure class=\"wp-block-image size-large is-resized\"><img loading=\"lazy\" decoding=\"async\" src=\"http:\/\/www.mathsaucollege.ovh\/wp-content\/uploads\/2021\/02\/Fiche-4-Partie-2--724x1024.jpg\" alt=\"\" class=\"wp-image-585\" width=\"326\" height=\"460\" srcset=\"https:\/\/www.mathsaucollege.ovh\/wp-content\/uploads\/2021\/02\/Fiche-4-Partie-2--724x1024.jpg 724w, https:\/\/www.mathsaucollege.ovh\/wp-content\/uploads\/2021\/02\/Fiche-4-Partie-2--212x300.jpg 212w, https:\/\/www.mathsaucollege.ovh\/wp-content\/uploads\/2021\/02\/Fiche-4-Partie-2--768x1087.jpg 768w, https:\/\/www.mathsaucollege.ovh\/wp-content\/uploads\/2021\/02\/Fiche-4-Partie-2--1447x2048.jpg 1447w, https:\/\/www.mathsaucollege.ovh\/wp-content\/uploads\/2021\/02\/Fiche-4-Partie-2--1200x1698.jpg 1200w, https:\/\/www.mathsaucollege.ovh\/wp-content\/uploads\/2021\/02\/Fiche-4-Partie-2--1980x2802.jpg 1980w, https:\/\/www.mathsaucollege.ovh\/wp-content\/uploads\/2021\/02\/Fiche-4-Partie-2--scaled.jpg 1809w\" sizes=\"auto, (max-width: 326px) 100vw, 326px\" \/><\/figure>\n\n\n\n<div class=\"wp-block-file\"><a href=\"http:\/\/www.mathsaucollege.ovh\/wp-content\/uploads\/2021\/02\/Fiche4_Partie2_Reduire.pdf\">Fiche4_Partie2_Reduire<\/a><a href=\"http:\/\/www.mathsaucollege.ovh\/wp-content\/uploads\/2021\/02\/Fiche4_Partie2_Reduire.pdf\" class=\"wp-block-file__button\" download>T\u00e9l\u00e9charger<\/a><\/div>\n\n\n\n<hr class=\"wp-block-separator has-text-color has-background has-accent-background-color has-accent-color is-style-wide\"\/>\n\n\n\n<h2 class=\"wp-block-heading\">Fiche 5 : Distributivit\u00e9 : Partie 1 : Je d\u00e9couvre<\/h2>\n\n\n\n<figure class=\"wp-block-image size-large is-resized\"><img loading=\"lazy\" decoding=\"async\" src=\"http:\/\/www.mathsaucollege.ovh\/wp-content\/uploads\/2021\/02\/Fiche-5-Partie-1-724x1024.jpg\" alt=\"\" class=\"wp-image-597\" width=\"334\" height=\"472\" srcset=\"https:\/\/www.mathsaucollege.ovh\/wp-content\/uploads\/2021\/02\/Fiche-5-Partie-1-724x1024.jpg 724w, https:\/\/www.mathsaucollege.ovh\/wp-content\/uploads\/2021\/02\/Fiche-5-Partie-1-212x300.jpg 212w, https:\/\/www.mathsaucollege.ovh\/wp-content\/uploads\/2021\/02\/Fiche-5-Partie-1-768x1087.jpg 768w, https:\/\/www.mathsaucollege.ovh\/wp-content\/uploads\/2021\/02\/Fiche-5-Partie-1-1085x1536.jpg 1085w, https:\/\/www.mathsaucollege.ovh\/wp-content\/uploads\/2021\/02\/Fiche-5-Partie-1-1447x2048.jpg 1447w, https:\/\/www.mathsaucollege.ovh\/wp-content\/uploads\/2021\/02\/Fiche-5-Partie-1-1200x1698.jpg 1200w, https:\/\/www.mathsaucollege.ovh\/wp-content\/uploads\/2021\/02\/Fiche-5-Partie-1-1980x2802.jpg 1980w, https:\/\/www.mathsaucollege.ovh\/wp-content\/uploads\/2021\/02\/Fiche-5-Partie-1-scaled.jpg 1809w\" sizes=\"auto, (max-width: 334px) 100vw, 334px\" \/><\/figure>\n\n\n\n<div class=\"wp-block-file\"><a href=\"http:\/\/www.mathsaucollege.ovh\/wp-content\/uploads\/2021\/02\/Fiche-5_Partie1_Distributivite.pdf\">Fiche-5_Partie1_Distributivite<\/a><a href=\"http:\/\/www.mathsaucollege.ovh\/wp-content\/uploads\/2021\/02\/Fiche-5_Partie1_Distributivite.pdf\" class=\"wp-block-file__button\" download>T\u00e9l\u00e9charger<\/a><\/div>\n\n\n\n<hr class=\"wp-block-separator has-text-color has-background has-accent-background-color has-accent-color is-style-wide\"\/>\n\n\n\n<h2 class=\"wp-block-heading\">Fiche 5 : Distributivit\u00e9 : Partie 2 : Exercices<\/h2>\n\n\n\n<figure class=\"wp-block-image size-large is-resized\"><img loading=\"lazy\" decoding=\"async\" src=\"http:\/\/www.mathsaucollege.ovh\/wp-content\/uploads\/2021\/02\/Fiche-5-Partie-2-724x1024.jpg\" alt=\"\" class=\"wp-image-599\" width=\"307\" height=\"434\" srcset=\"https:\/\/www.mathsaucollege.ovh\/wp-content\/uploads\/2021\/02\/Fiche-5-Partie-2-724x1024.jpg 724w, https:\/\/www.mathsaucollege.ovh\/wp-content\/uploads\/2021\/02\/Fiche-5-Partie-2-212x300.jpg 212w, https:\/\/www.mathsaucollege.ovh\/wp-content\/uploads\/2021\/02\/Fiche-5-Partie-2-768x1087.jpg 768w, https:\/\/www.mathsaucollege.ovh\/wp-content\/uploads\/2021\/02\/Fiche-5-Partie-2-1085x1536.jpg 1085w, https:\/\/www.mathsaucollege.ovh\/wp-content\/uploads\/2021\/02\/Fiche-5-Partie-2-1447x2048.jpg 1447w, https:\/\/www.mathsaucollege.ovh\/wp-content\/uploads\/2021\/02\/Fiche-5-Partie-2-1200x1698.jpg 1200w, https:\/\/www.mathsaucollege.ovh\/wp-content\/uploads\/2021\/02\/Fiche-5-Partie-2-1980x2802.jpg 1980w, https:\/\/www.mathsaucollege.ovh\/wp-content\/uploads\/2021\/02\/Fiche-5-Partie-2-scaled.jpg 1809w\" sizes=\"auto, (max-width: 307px) 100vw, 307px\" \/><\/figure>\n\n\n\n<div class=\"wp-block-file\"><a href=\"http:\/\/www.mathsaucollege.ovh\/wp-content\/uploads\/2021\/02\/Fiche-5_Partie2_Distributivite.pdf\">Fiche-5_Partie2_Distributivite<\/a><a href=\"http:\/\/www.mathsaucollege.ovh\/wp-content\/uploads\/2021\/02\/Fiche-5_Partie2_Distributivite.pdf\" class=\"wp-block-file__button\" download>T\u00e9l\u00e9charger<\/a><\/div>\n\n\n\n<hr class=\"wp-block-separator has-text-color has-background has-accent-background-color has-accent-color is-style-wide\"\/>\n\n\n\n<h2 class=\"wp-block-heading\">Fiche 6 : Supprimer des parenth\u00e8ses : Partie 1 : Je d\u00e9couvre<\/h2>\n\n\n\n<figure class=\"wp-block-image size-large is-resized\"><img loading=\"lazy\" decoding=\"async\" src=\"http:\/\/www.mathsaucollege.ovh\/wp-content\/uploads\/2021\/02\/Fiche-6-Supprimer-des-parentheses-Partie-1-724x1024.jpg\" alt=\"\" class=\"wp-image-610\" width=\"327\" height=\"462\" srcset=\"https:\/\/www.mathsaucollege.ovh\/wp-content\/uploads\/2021\/02\/Fiche-6-Supprimer-des-parentheses-Partie-1-724x1024.jpg 724w, https:\/\/www.mathsaucollege.ovh\/wp-content\/uploads\/2021\/02\/Fiche-6-Supprimer-des-parentheses-Partie-1-212x300.jpg 212w, https:\/\/www.mathsaucollege.ovh\/wp-content\/uploads\/2021\/02\/Fiche-6-Supprimer-des-parentheses-Partie-1-768x1087.jpg 768w, https:\/\/www.mathsaucollege.ovh\/wp-content\/uploads\/2021\/02\/Fiche-6-Supprimer-des-parentheses-Partie-1-1085x1536.jpg 1085w, https:\/\/www.mathsaucollege.ovh\/wp-content\/uploads\/2021\/02\/Fiche-6-Supprimer-des-parentheses-Partie-1-1447x2048.jpg 1447w, https:\/\/www.mathsaucollege.ovh\/wp-content\/uploads\/2021\/02\/Fiche-6-Supprimer-des-parentheses-Partie-1-1200x1698.jpg 1200w, https:\/\/www.mathsaucollege.ovh\/wp-content\/uploads\/2021\/02\/Fiche-6-Supprimer-des-parentheses-Partie-1-1980x2802.jpg 1980w, https:\/\/www.mathsaucollege.ovh\/wp-content\/uploads\/2021\/02\/Fiche-6-Supprimer-des-parentheses-Partie-1-scaled.jpg 1809w\" sizes=\"auto, (max-width: 327px) 100vw, 327px\" \/><\/figure>\n\n\n\n<div class=\"wp-block-file\"><a href=\"http:\/\/www.mathsaucollege.ovh\/wp-content\/uploads\/2021\/02\/Fiche-6_Supprimer-des-parentheses_Partie1.pdf\">Fiche-6_Supprimer-des-parentheses_Partie1<\/a><a href=\"http:\/\/www.mathsaucollege.ovh\/wp-content\/uploads\/2021\/02\/Fiche-6_Supprimer-des-parentheses_Partie1.pdf\" class=\"wp-block-file__button\" download>T\u00e9l\u00e9charger<\/a><\/div>\n\n\n\n<hr class=\"wp-block-separator has-text-color has-background has-accent-background-color has-accent-color is-style-wide\"\/>\n\n\n\n<h2 class=\"wp-block-heading\">Fiche 6 : Supprimer des parenth\u00e8ses : Partie 2 : Exercices<\/h2>\n\n\n\n<figure class=\"wp-block-image size-large is-resized\"><img loading=\"lazy\" decoding=\"async\" src=\"http:\/\/www.mathsaucollege.ovh\/wp-content\/uploads\/2021\/02\/Fiche-6-Supprimer-des-parentheses-Partie-2-724x1024.jpg\" alt=\"\" class=\"wp-image-612\" width=\"312\" height=\"441\" srcset=\"https:\/\/www.mathsaucollege.ovh\/wp-content\/uploads\/2021\/02\/Fiche-6-Supprimer-des-parentheses-Partie-2-724x1024.jpg 724w, https:\/\/www.mathsaucollege.ovh\/wp-content\/uploads\/2021\/02\/Fiche-6-Supprimer-des-parentheses-Partie-2-212x300.jpg 212w, https:\/\/www.mathsaucollege.ovh\/wp-content\/uploads\/2021\/02\/Fiche-6-Supprimer-des-parentheses-Partie-2-768x1087.jpg 768w, https:\/\/www.mathsaucollege.ovh\/wp-content\/uploads\/2021\/02\/Fiche-6-Supprimer-des-parentheses-Partie-2-1085x1536.jpg 1085w, https:\/\/www.mathsaucollege.ovh\/wp-content\/uploads\/2021\/02\/Fiche-6-Supprimer-des-parentheses-Partie-2-1447x2048.jpg 1447w, https:\/\/www.mathsaucollege.ovh\/wp-content\/uploads\/2021\/02\/Fiche-6-Supprimer-des-parentheses-Partie-2-1200x1698.jpg 1200w, https:\/\/www.mathsaucollege.ovh\/wp-content\/uploads\/2021\/02\/Fiche-6-Supprimer-des-parentheses-Partie-2-1980x2802.jpg 1980w, https:\/\/www.mathsaucollege.ovh\/wp-content\/uploads\/2021\/02\/Fiche-6-Supprimer-des-parentheses-Partie-2-scaled.jpg 1809w\" sizes=\"auto, (max-width: 312px) 100vw, 312px\" \/><\/figure>\n\n\n\n<div class=\"wp-block-file\"><a href=\"http:\/\/www.mathsaucollege.ovh\/wp-content\/uploads\/2021\/02\/Fiche-6_Partie2_Supprimer-des-parentheses.pdf\">Fiche-6_Partie2_Supprimer-des-parentheses<\/a><a href=\"http:\/\/www.mathsaucollege.ovh\/wp-content\/uploads\/2021\/02\/Fiche-6_Partie2_Supprimer-des-parentheses.pdf\" class=\"wp-block-file__button\" download>T\u00e9l\u00e9charger_<\/a><\/div>\n\n\n\n<p>__________________________________________________________<\/p>\n\n\n\n<h2 class=\"wp-block-heading\">Fiche 7 : Tester une \u00e9galit\u00e9<\/h2>\n\n\n\n<figure class=\"wp-block-image size-large is-resized\"><img loading=\"lazy\" decoding=\"async\" src=\"http:\/\/www.mathsaucollege.ovh\/wp-content\/uploads\/2021\/04\/Fiche7-1-724x1024.jpg\" alt=\"\" class=\"wp-image-706\" width=\"333\" height=\"470\" srcset=\"https:\/\/www.mathsaucollege.ovh\/wp-content\/uploads\/2021\/04\/Fiche7-1-724x1024.jpg 724w, https:\/\/www.mathsaucollege.ovh\/wp-content\/uploads\/2021\/04\/Fiche7-1-212x300.jpg 212w, https:\/\/www.mathsaucollege.ovh\/wp-content\/uploads\/2021\/04\/Fiche7-1-768x1087.jpg 768w, https:\/\/www.mathsaucollege.ovh\/wp-content\/uploads\/2021\/04\/Fiche7-1-1085x1536.jpg 1085w, https:\/\/www.mathsaucollege.ovh\/wp-content\/uploads\/2021\/04\/Fiche7-1-1447x2048.jpg 1447w, https:\/\/www.mathsaucollege.ovh\/wp-content\/uploads\/2021\/04\/Fiche7-1-1200x1698.jpg 1200w, https:\/\/www.mathsaucollege.ovh\/wp-content\/uploads\/2021\/04\/Fiche7-1-1980x2802.jpg 1980w, https:\/\/www.mathsaucollege.ovh\/wp-content\/uploads\/2021\/04\/Fiche7-1-scaled.jpg 1809w\" sizes=\"auto, (max-width: 333px) 100vw, 333px\" \/><\/figure>\n\n\n\n<div class=\"wp-block-file\"><a href=\"http:\/\/www.mathsaucollege.ovh\/wp-content\/uploads\/2021\/04\/Fiche-7_Tester_des_egalites.pdf\">Fiche-7_Tester_des_egalites<\/a><a href=\"http:\/\/www.mathsaucollege.ovh\/wp-content\/uploads\/2021\/04\/Fiche-7_Tester_des_egalites.pdf\" class=\"wp-block-file__button\" download>T\u00e9l\u00e9charger<\/a><\/div>\n\n\n\n<p><\/p>\n","protected":false},"excerpt":{"rendered":"<p>Pour bien assimiler une notion, il faut la mettre en pratique. Fiche 1 : Jeu de cartes Fiche 2 : Simplifier Fiche 3 : Remplacer une lettre par une valeur Fiche 4 : R\u00e9duire une expression litt\u00e9rale Partie 1 : Je d\u00e9couvre Fiche 4 : R\u00e9duire une expression litt\u00e9rale Partie 2 : Exercices Fiche 5 [&hellip;]<\/p>\n","protected":false},"author":1,"featured_media":0,"parent":541,"menu_order":0,"comment_status":"closed","ping_status":"closed","template":"","meta":{"footnotes":""},"class_list":["post-309","page","type-page","status-publish","hentry"],"_links":{"self":[{"href":"https:\/\/www.mathsaucollege.ovh\/index.php\/wp-json\/wp\/v2\/pages\/309","targetHints":{"allow":["GET"]}}],"collection":[{"href":"https:\/\/www.mathsaucollege.ovh\/index.php\/wp-json\/wp\/v2\/pages"}],"about":[{"href":"https:\/\/www.mathsaucollege.ovh\/index.php\/wp-json\/wp\/v2\/types\/page"}],"author":[{"embeddable":true,"href":"https:\/\/www.mathsaucollege.ovh\/index.php\/wp-json\/wp\/v2\/users\/1"}],"replies":[{"embeddable":true,"href":"https:\/\/www.mathsaucollege.ovh\/index.php\/wp-json\/wp\/v2\/comments?post=309"}],"version-history":[{"count":8,"href":"https:\/\/www.mathsaucollege.ovh\/index.php\/wp-json\/wp\/v2\/pages\/309\/revisions"}],"predecessor-version":[{"id":707,"href":"https:\/\/www.mathsaucollege.ovh\/index.php\/wp-json\/wp\/v2\/pages\/309\/revisions\/707"}],"up":[{"embeddable":true,"href":"https:\/\/www.mathsaucollege.ovh\/index.php\/wp-json\/wp\/v2\/pages\/541"}],"wp:attachment":[{"href":"https:\/\/www.mathsaucollege.ovh\/index.php\/wp-json\/wp\/v2\/media?parent=309"}],"curies":[{"name":"wp","href":"https:\/\/api.w.org\/{rel}","templated":true}]}}